010000 + -1021?
2202001202
In base 6, what is -122 - -12055?
11533
In base 5, what is 42 - 23434?
-23342
In base 10, what is 9038 + -14?
9024
In base 16, what is 1 + 32ae3?
32ae4
In base 4, what is 200213 + -23001?
111212
In base 16, what is -3a + -b91?
-bcb
In base 10, what is -850572 + 1?
-850571
In base 7, what is -2 - -161446?
161444
In base 16, what is 85 + -521?
-49c
In base 8, what is -124 + -16?
-142
In base 12, what is 22 - -701?
723
In base 7, what is -22103 - 5?
-22111
In base 13, what is -108 + -1917?
-1a22
In base 9, what is -14 - -554?
540
In base 11, what is -542a - 3?
-5432
In base 12, what is 350 + -2425?
-2095
In base 11, what is -1 - 9706a?
-97070
In base 10, what is 2 + -34249?
-34247
In base 12, what is 4 - 1b280?
-1b278
In base 15, what is 18d - -2494?
2632
In base 3, what is 22121 - -12210100?
20002221
In base 14, what is -1 + 1989?
1988
In base 14, what is 510b1 + -4?
510ab
In base 6, what is -50325 + 11?
-50314
In base 9, what is -170 + 40?
-130
In base 7, what is 404 + -232?
142
In base 3, what is 0 + 10101111111?
10101111111
In base 14, what is -1cc + -61?
-24d
In base 3, what is -1111202 - 121?
-1112100
In base 11, what is a812 + 0?
a812
In base 8, what is 232326 + -1?
232325
In base 7, what is -3212621 + 6?
-3212612
In base 8, what is -32040 + 2?
-32036
In base 4, what is -2332 + 1230101?
1221103
In base 9, what is -5 + 2767513?
2767507
In base 13, what is 5 + -24cb9?
-24cb4
In base 16, what is 188b + -4?
1887
In base 11, what is 1094781 - 2?
109477a
In base 2, what is 1101001010 + 101111?
1101111001
In base 13, what is -1b31b - 2?
-1b320
In base 4, what is -1 + -110232?
-110233
In base 4, what is -21 + 13020131?
13020110
In base 9, what is -356435 + 4?
-356431
In base 6, what is 1121 - -3143?
4304
In base 15, what is -1609 - -10?
-15e9
In base 14, what is -1583 + 4?
-157d
In base 10, what is -283 + -49?
-332
In base 9, what is -2004 - -521?
-1373
In base 8, what is -7523200 + -4?
-7523204
In base 13, what is 3 + 65878?
6587b
In base 3, what is -10111201 + 11002?
-10100122
In base 15, what is 83e5 - 3?
83e2
In base 4, what is -112 + -13313301?
-13320013
In base 11, what is 3 + -1961?
-1959
In base 2, what is 101 + 111000000111000100100?
111000000111000101001
In base 13, what is 336195 + 1?
336196
In base 11, what is 6814 - -117?
6930
In base 7, what is -113 + -22145?
-22261
In base 13, what is -2 + 8cb92?
8cb90
In base 14, what is 138c + -47?
1345
In base 10, what is -3 - -3363?
3360
In base 2, what is -10 + -10110000000001?
-10110000000011
In base 11, what is -822 + -29?
-850
In base 7, what is -5 - 143106?
-143114
In base 10, what is 0 - -10925?
10925
In base 3, what is 11212010010 + -12?
11212002221
In base 15, what is -2c550 + -3?
-2c553
In base 16, what is -23d24 - 0?
-23d24
In base 11, what is -116088 + -3?
-116090
In base 5, what is 13431013 - 2?
13431011
In base 4, what is -103123022 + -3?
-103123031
In base 15, what is -1323 - -22?
-1301
In base 3, what is 1210022 - 20?
1210002
In base 16, what is -2 + -ed4c?
-ed4e
In base 15, what is 5bd + -1c4?
3e9
In base 7, what is -14 - 6145?
-6162
In base 3, what is -10111 - 1110021?
-1120202
In base 2, what is 1011010100110000100100 - -1?
1011010100110000100101
In base 12, what is -1 + -82337?
-82338
In base 5, what is 303 - 2312?
-2004
In base 4, what is 1013220 + -23?
1013131
In base 14, what is 1 + 50251?
50252
In base 13, what is 28 - 1bc6?
-1b9b
In base 7, what is 20 + -20533?
-20513
In base 7, what is -10 - -26333?
26323
In base 11, what is 53 + -215?
-172
In base 8, what is -155771 - 10?
-156001
In base 14, what is 270 - -99?
329
In base 14, what is 3 + 80c5?
80c8
In base 15, what is -9410e - 7?
-94116
In base 8, what is 405543 + 4?
405547
In base 6, what is 143522 - 541?
142541
In base 4, what is 2 - -112303303?
112303311
In base 9, what is -8 - -30860?
30851
In base 10, what is 4285082 - -3?
4285085
In base 16, what is ead6a + -2?
ead68
In base 6, what is -15533 - 2?
-15535
In base 10, what is 28214 + 10?
28224
In base 3, what is 2 + 20102002211?
20102002220
In base 16, what is 426 - 2f?
3f7
In base 12, what is 9 + -17980?
-17973
In base 16, what is 3 + 1c87?
1c8a
In base 12, what is 758 - 1a29?
-1291
In base 16, what is 22 + e1?
103
In base 15, what is -19e + 18e0?
1741
In base 6, what is -1 + -125212?
-125213
In base 5, what is 20343 - 343?
20000
In base 16, what is -f4a0 - 0?
-f4a0
In base 10, what is 5 - 5573?
-5568
In base 16, what is -6999 + -d?
-69a6
In base 3, what is -12 - 1000102021121?
-1000102021210
In base 8, what is 13113 + 35?
13150
In base 12, what is -38 - 7096?
-7112
In base 15, what is cba - -6?
cc1
In base 12, what is -49 + 2526?
2499
In base 5, what is 1101 + 1102011?
1103112
In base 14, what is 122d1 + 3?
122d4
In base 2, what is 100011000100 - -1111001?
100100111101
In base 15, what is 17a06 - 5?
17a01
In base 2, what is -100100100011000100 + -110?
-100100100011001010
In base 3, what is 1021 + -121120?
-120022
In base 4, what is -300030000 - -11?
-300023323
In base 3, what is 1011 + 1001100222?
1001102010
In base 16, what is 3deac + 2?
3deae
In base 14, what is 35b011 + 0?
35b011
In base 9, what is -6562 + 14?
-6547
In base 13, what is -198 + 27?
-171
In base 15, what is 1363 - 1a?
1348
In base 3, what is 1011002212 - 0?
1011002212
In base 10, what is -9 + 113706?
113697
In base 12, what is -402516 - 0?
-402516
In base 2, what is 11100100110011101 - -1011?
11100100110101000
In base 13, what is 78 - -809b?
8146
In base 14, what is 5 - -c7c4?
c7c9
In base 15, what is c6 - -d?
d4
In base 4, what is 2 - 201031322?
-201031320
In base 3, what is -2 + -10120010102?
-10120010111
In base 9, what is -120 + -17000?
-17120
In base 6, what is -2 - 3014544?
-3014550
In base 3, what is 1210 - 11112001101?
-11111222121
In base 15, what is -49519 - 4?
-4951d
In base 3, what is -1 - 1102122120202?
-1102122120210
In base 16, what is -8a8d5 - -2?
-8a8d3
In base 2, what is 1 + 10011?
10100
In base 15, what is -4 + 6135?
6131
In base 5, what is -11 + 112430?
112414
In base 16, what is 14 + -3fec?
-3fd8
In base 14, what is -6d181 - -5?
-6d17a
In base 14, what is 5 + -94664?
-9465d
In base 5, what is 1010121 - 1?
1010120
In base 16, what is -2 + -398fb?
-398fd
In base 7, what is 420462 - 3?
420456
In base 14, what is 2d0 + -161?
16d
In base 15, what is -2700 - 32?
-2732
In base 2, what is 1110100100111111 + 111?
1110100101000110
In base 5, what is -10 + 11241?
11231
In base 4, what is 0 - -110131231?
110131231
In base 4, what is 3 + 13221322?
13221331
In base 9, what is 244 + -22000?
-21645
In base 8, what is 10153 + -7?
10144
In base 13, what is 1011 + -141?
ba0
In base 12, what is -60 + 1225?
1185
In base 3, what is -200 - -1001220?
1001020
In base 8, what is -2344 - -3?
-2341
In base 3, what is 10 - 221020212222?
-221020212212
In base 2, what is -10011 + 10100110000?
10100011101
In base 8, what is 6414 - 37?
6355
In base 3, what is -21 - 12100121?
-12100212
In base 5, what is -2 - 2410304?
-2410311
In base 5, what is -2 + 423210?
423203
In base 13, what is 6900 - -8?
6908
In base 3, what is -22 - 12220220222?
-12220221021
In base 12, what is -953 + -379?
-1110
In base 6, what is 51 - -1101053?
1101144
In base 5, what is -1023 - 112003?
-113031
In base 3, what is -10 - 12022011020?
-12022011100
In base 16, what is -489d - 6?
-48a3
In base 9, what is -1341 - 61?
-1412
In base 2, what is 1111001 + -1001100011000?
-1001010011111
In base 13, what is 84a4 + 71?
8545
In base 11, what is 9 + a3028?
a3036
In base 16, what is -17 + -77cb?
-77e2
In base 9, what is -1164 + 1321?
146
In base 2, what is 1001010011 + 100?
1001010111
In base 4, what is -1233 + 203?
-1030
In base 6, what is -4550220 + -3?
-4550223
In base 11, what is 12 - -3a25?
3a37
In base 6, what is -1005222 - -142?
-1005040
In base 15, what is -1 + -47cc4?
-47cc5
In base 7, what is -4543 + 4204?
-336
In base 9, what is 116 + -1272?
-1155
In base 14, what is 4d52b + -a?
4d521
In base 2, what is 1000 + -1101011110101111?
-1101011110100111
In base 10, what is 2 + -4636?
-4634
In base 4, what is -132020 + -1100?
-133120
In base 10, what is -4758 + -279?
-5037
In base 6, what is 115451 + -53?
115354
In base 15, what is -135 - 3e8?
-52d
In base 11, what is -339 - 47?
-385
In base 9, what is -130228 - -